{"id":718,"date":"2015-11-17T16:49:49","date_gmt":"2015-11-17T16:49:49","guid":{"rendered":"http:\/\/politeamadianese.com\/?page_id=718"},"modified":"2019-11-24T15:02:15","modified_gmt":"2019-11-24T15:02:15","slug":"la-stagione-del-teatro-2011","status":"publish","type":"page","link":"https:\/\/politeamadianese.com\/?page_id=718","title":{"rendered":"La Stagione Del Teatro 2011"},"content":{"rendered":"<div id=\"content\">\n<div class=\"my_text_sezione\">\n<div class=\"my_cerca\">\n<div align=\"center\">\n<p align=\"center\"><span style=\"color: #ff0000; font-family: Times New Roman; font-size: xx-large;\"><em><strong>LA STAGIONE DEL TEATRO<\/strong><\/em><\/span><\/p>\n<p align=\"center\"><strong><span style=\"color: #ff0000; font-family: Times New Roman; font-size: x-large;\"><em>CARTELLONE 2011<\/em><\/span><\/strong><\/p>\n<p align=\"center\"><em><u><span style=\"font-size: medium;\">Direzione Artistica <strong>Dianorama<\/strong> e<strong> Clara Costanzo<\/strong><\/span><\/u><\/em><\/p>\n<p align=\"center\"><span style=\"color: #ff0000;\">\u2248&nbsp;\u2248 \u2248<\/span><\/p>\n<p align=\"center\"><span style=\"font-size: small;\"><em>LUN 17 GENNAIO<\/em><\/span><\/p>\n<p align=\"center\"><span style=\"color: #ff9900; font-size: x-large;\"><em><strong>MAI PIU&#8217; SOLI<\/strong><\/em><\/span><\/p>\n<p align=\"center\">di STEFANO BENNI<\/p>\n<p align=\"center\">con ANGELA FINOCCHIARO, DANIELE TRAMBUSTI<\/p>\n<p align=\"center\">regia di CRISTINA PEZZOLI<\/p>\n<p align=\"center\">(SPETTACOLO NON COMPRESO NELL&#8217;ABBONAMENTO)<\/p>\n<p align=\"center\"><span style=\"color: #ff0000;\">\u2248 \u2248 \u2248<\/span><\/p>\n<p align=\"center\"><span style=\"font-size: small;\"><em>LUN&nbsp;31 GENNAIO<\/em><\/span><\/p>\n<p align=\"center\"><span style=\"color: #ff9900; font-size: x-large;\"><em><strong>UOMO E GALANTUOMO<\/strong><\/em><\/span><\/p>\n<p align=\"center\">di EDUARDO DE FILIPPO<\/p>\n<p align=\"center\">con CIRO CAPANO, FULVIA CAROTENUTO, PATRIZIA SPINOSI,&nbsp;SUSY DEL GIUDICE, GIUSEPPE MASTROCINQUE, FEDERICA AIELLO, SERGIO CELORO, ANTONIO FIORILLO, TONINO TAIUTI<\/p>\n<p align=\"center\">regia di ARMANDO PUGLIESE<\/p>\n<p align=\"center\"><span style=\"color: #ff0000;\">\u2248 \u2248 \u2248<\/span><\/p>\n<p align=\"center\"><span style=\"font-size: small;\"><em>LUN&nbsp;14 FEBBRAIO<\/em><\/span><\/p>\n<p align=\"center\"><em><strong><span style=\"color: #ff9900; font-size: x-large;\">LE FUGGITIVE<\/span><\/strong><\/em><\/p>\n<p align=\"center\">di PIERRE PALMADE, CHRISTOPHE DUTHURON<\/p>\n<p align=\"center\">con VALERIA VALERI, MILENA VUKOTIC<\/p>\n<p align=\"center\">regia di NICASIO ANZELMO<\/p>\n<p align=\"center\"><span style=\"color: #ff0000;\">\u2248 \u2248 \u2248<\/span><\/p>\n<p align=\"center\"><span style=\"font-size: small;\"><em>LUN&nbsp;28 FEBBRAIO<\/em><\/span><\/p>\n<p align=\"center\"><span style=\"color: #ff9900; font-size: x-large;\"><em><strong>NON C&#8217;E&#8217; TEMPO, AMORE<\/strong><\/em><\/span><\/p>\n<p align=\"center\">di LORENZO GIOIELLI<\/p>\n<p align=\"center\">con AMANDA SANDRELLI, BLAS ROCA REY, EDY ANGELILLO, LORENZO GIOIELLI<\/p>\n<p align=\"center\">regia di LORENZO GIOIELLI<\/p>\n<p align=\"center\"><span style=\"color: #ff0000;\">\u2248 \u2248 \u2248<\/span><\/p>\n<p align=\"center\"><span style=\"font-size: small;\"><em>LUN&nbsp;14 MARZO<\/em><\/span><\/p>\n<p align=\"center\"><span style=\"color: #ff9900; font-size: x-large;\"><em><strong>GRISU&#8217;, GIUSEPPE E MARIA<\/strong><\/em><\/span><\/p>\n<p align=\"center\">di GIANNI CLEMENTI<\/p>\n<p align=\"center\">con PAOLO TRIESTINO, NICOLA PISTOIA, CRESCENZA GUARNIERI, SANDRA CARUSO, DIEGO GUECI<\/p>\n<p align=\"center\">regia di NICOLA PISTOIA<\/p>\n<p align=\"center\"><span style=\"color: #ff0000;\">\u2248 \u2248 \u2248<\/span><\/p>\n<p align=\"center\"><span style=\"font-size: small;\"><em>LUN&nbsp;28 MARZO<\/em><\/span><\/p>\n<p align=\"center\"><span style=\"color: #ff9900; font-size: x-large;\"><em><strong>NON C&#8217;E&#8217; PIU&#8217; IL FUTURO DI UNA VOLTA<\/strong><\/em><\/span><\/p>\n<p align=\"center\">di AICARDI, FORMICOLA, PISTARINO, FREYRIE<\/p>\n<p align=\"center\">con ZUZZURRO E GASPARE<\/p>\n<p align=\"center\">regia di ANDREA BRAMBILLA<\/p>\n<p align=\"center\">\n<hr>\n<p>&nbsp;<\/p>\n<p align=\"center\"><span style=\"font-family: Verdana,Arial,Helvetica,sans-serif; font-size: xx-small;\"><strong><span style=\"font-size: small;\">ABBONAMENTI<\/span><\/strong><br \/>\nABBONAMENTO UNICO per&nbsp;5 spettacoli (fuori abbonamento \u201cMAI PIU&#8217; SOLI\u201d)<br \/>\nPrimi Posti Euro 100,00<br \/>\nSecondi Posti Euro 80,00<br \/>\nGalleria Euro 72,50<br \/>\nRidotti Galleria Euro 55,00<\/span><\/p>\n<p align=\"center\"><span style=\"font-family: Verdana,Arial,Helvetica,sans-serif; font-size: xx-small;\">Gli abbonati della Stagione 2010 hanno la possibilit\u00e0 di riconfermare la stessa poltrona. Tale diritto potr\u00e0 essere esercitato entro e non oltre il giorno 8 dicembre 2009. Per i nuovi abbonati la prevendita inizier\u00e0 il giorno&nbsp;11 dicembre 2010.<br \/>\n<\/span><\/p>\n<p align=\"center\"><span style=\"font-family: Verdana,Arial,Helvetica,sans-serif; font-size: xx-small;\">&nbsp;Gli abbonati potranno avvalersi del diritto di prelazione per lo spettacolo non incluso nell\u2019abbonamento (\u201cMAI PIU&#8217; SOLI\u201d) entro e non oltre il&nbsp;10 gennaio 2011<\/span><\/p>\n<p><strong><span style=\"font-size: small;\">SINGOLA RAPPRESENTAZIONE<\/span><\/strong><br \/>\nPRIMI POSTI Euro 22,00<br \/>\nSECONDI POSTI Euro 18,00<br \/>\nGALLERIA Euro 16,00<br \/>\nPer le persone sotto i 18 anni e oltre i 65 anni<br \/>\nsar\u00e0 praticata la riduzione solo Galleria a Euro 12,00<\/p>\n<p align=\"center\"><span style=\"font-family: Verdana,Arial,Helvetica,sans-serif; font-size: xx-small;\">L\u2019orario di botteghino per le prevendite dei biglietti sar\u00e0 dalle ore 17,00 alle ore 19,00 e durante il normale orario di apertura della sala a partire da 7 giorni prima di ogni spettacolo<\/span><\/p>\n<\/div>\n<\/div>\n<\/div>\n<div class=\"my_text_foot2\"><\/div>\n<\/div>\n<div class=\"clean\"><\/div>\n<div class=\"footer\">\u00a92015 Dianorama &#8211; <a href=\"https:\/\/lvps46-163-113-20.dedicated.hosteurope.de:8443\/sitepreview\/http\/dianese.it\/index.php?p=privacy\">Privacy e regolamento<\/a> &#8211; <a class=\"_blank\" href=\"https:\/\/lvps46-163-113-20.dedicated.hosteurope.de:8443\/sitepreview\/http\/dianese.it\/admin\" target=\"_blank\" rel=\"noopener noreferrer\">Amministrazione<\/a> &#8211; Propriet\u00e0 di <a class=\"_blank\" href=\"http:\/\/www.dianorama.com\" target=\"_blank\" rel=\"noopener noreferrer\">Dianorama s.n.c.<\/a> &#8211;<\/div>\n","protected":false},"excerpt":{"rendered":"<p>LA STAGIONE DEL TEATRO CARTELLONE 2011 Direzione Artistica Dianorama e Clara Costanzo \u2248&nbsp;\u2248 \u2248 LUN 17 GENNAIO MAI PIU&#8217; SOLI di STEFANO BENNI con ANGELA FINOCCHIARO, DANIELE TRAMBUSTI regia di CRISTINA PEZZOLI (SPETTACOLO NON COMPRESO NELL&#8217;ABBONAMENTO) \u2248 \u2248 \u2248 LUN&nbsp;31 GENNAIO UOMO E GALANTUOMO di EDUARDO DE FILIPPO con CIRO \u2026 <a class=\"continue-reading-link\" href=\"https:\/\/politeamadianese.com\/?page_id=718\">Leggi tutto <span class=\"meta-nav\">&rarr; <\/span><\/a><\/p>\n","protected":false},"author":1,"featured_media":0,"parent":0,"menu_order":0,"comment_status":"closed","ping_status":"closed","template":"","meta":{"jetpack_post_was_ever_published":false,"footnotes":""},"class_list":["post-718","page","type-page","status-publish","hentry"],"jetpack_sharing_enabled":true,"jetpack_shortlink":"https:\/\/wp.me\/P6wVPA-bA","_links":{"self":[{"href":"https:\/\/politeamadianese.com\/index.php?rest_route=\/wp\/v2\/pages\/718","targetHints":{"allow":["GET"]}}],"collection":[{"href":"https:\/\/politeamadianese.com\/index.php?rest_route=\/wp\/v2\/pages"}],"about":[{"href":"https:\/\/politeamadianese.com\/index.php?rest_route=\/wp\/v2\/types\/page"}],"author":[{"embeddable":true,"href":"https:\/\/politeamadianese.com\/index.php?rest_route=\/wp\/v2\/users\/1"}],"replies":[{"embeddable":true,"href":"https:\/\/politeamadianese.com\/index.php?rest_route=%2Fwp%2Fv2%2Fcomments&post=718"}],"version-history":[{"count":3,"href":"https:\/\/politeamadianese.com\/index.php?rest_route=\/wp\/v2\/pages\/718\/revisions"}],"predecessor-version":[{"id":2432,"href":"https:\/\/politeamadianese.com\/index.php?rest_route=\/wp\/v2\/pages\/718\/revisions\/2432"}],"wp:attachment":[{"href":"https:\/\/politeamadianese.com\/index.php?rest_route=%2Fwp%2Fv2%2Fmedia&parent=718"}],"curies":[{"name":"wp","href":"https:\/\/api.w.org\/{rel}","templated":true}]}}